{"version":"1.0","provider_name":"visitcalvia","provider_url":"https:\/\/visitcalvia.org\/ca\/","author_name":"visitcalvia","author_url":"https:\/\/visitcalvia.org\/ca\/author\/visitcalvia\/","title":"Mercadet de Nadal\/ Xmas Market - visitcalvia","type":"rich","width":600,"height":338,"html":"<blockquote class=\"wp-embedded-content\" data-secret=\"oaUpMyUoRt\"><a href=\"https:\/\/visitcalvia.org\/ca\/mercadet-de-nadal-xmas-market\/\">Mercadet de Nadal\/ Xmas Market<\/a><\/blockquote><iframe sandbox=\"allow-scripts\" security=\"restricted\" src=\"https:\/\/visitcalvia.org\/ca\/mercadet-de-nadal-xmas-market\/embed\/#?secret=oaUpMyUoRt\" width=\"600\" height=\"338\" title=\"&#8220;Mercadet de Nadal\/ Xmas Market&#8221; &#8212; visitcalvia\" data-secret=\"oaUpMyUoRt\" frameborder=\"0\" marginwidth=\"0\" marginheight=\"0\" scrolling=\"no\" class=\"wp-embedded-content\"><\/iframe><script type=\"text\/javascript\">\n\/* <![CDATA[ *\/\n\/*! This file is auto-generated *\/\n!function(d,l){\"use strict\";l.querySelector&&d.addEventListener&&\"undefined\"!=typeof URL&&(d.wp=d.wp||{},d.wp.receiveEmbedMessage||(d.wp.receiveEmbedMessage=function(e){var t=e.data;if((t||t.secret||t.message||t.value)&&!\/[^a-zA-Z0-9]\/.test(t.secret)){for(var s,r,n,a=l.querySelectorAll('iframe[data-secret=\"'+t.secret+'\"]'),o=l.querySelectorAll('blockquote[data-secret=\"'+t.secret+'\"]'),c=new RegExp(\"^https?:$\",\"i\"),i=0;i<o.length;i++)o[i].style.display=\"none\";for(i=0;i<a.length;i++)s=a[i],e.source===s.contentWindow&&(s.removeAttribute(\"style\"),\"height\"===t.message?(1e3<(r=parseInt(t.value,10))?r=1e3:~~r<200&&(r=200),s.height=r):\"link\"===t.message&&(r=new URL(s.getAttribute(\"src\")),n=new URL(t.value),c.test(n.protocol))&&n.host===r.host&&l.activeElement===s&&(d.top.location.href=t.value))}},d.addEventListener(\"message\",d.wp.receiveEmbedMessage,!1),l.addEventListener(\"DOMContentLoaded\",function(){for(var e,t,s=l.querySelectorAll(\"iframe.wp-embedded-content\"),r=0;r<s.length;r++)(t=(e=s[r]).getAttribute(\"data-secret\"))||(t=Math.random().toString(36).substring(2,12),e.src+=\"#?secret=\"+t,e.setAttribute(\"data-secret\",t)),e.contentWindow.postMessage({message:\"ready\",secret:t},\"*\")},!1)))}(window,document);\n\/\/# sourceURL=https:\/\/visitcalvia.org\/wp-includes\/js\/wp-embed.min.js\n\/* ]]> *\/\n<\/script>\n","thumbnail_url":"https:\/\/visitcalvia.org\/wp-content\/uploads\/2020\/04\/78805092_1500822616761329_7695594642875613184_n-scaled.jpg","thumbnail_width":2000,"thumbnail_height":1333,"description":"Aquest mercat celebrat el primer diumenge de desembre al recinte firal el Mol\u00ed de Santa Pon\u00e7a, \u00e9s un esdeveniment familiar que marca l'inici de les festes nadalenques al municipi. Amb un mercat artesanal com a protagonista, l'esdeveniment ofereix una programaci\u00f3 variada amb m\u00fasica en viu, animaci\u00f3, m\u00e0gia, ball i showcooking. A m\u00e9s, compta amb espais per a atraccions infantils, exposicions, un mercadet de regals i tot aix\u00f2 tematitzat amb el Nadal."}

Aquest mercat celebrat el primer diumenge de desembre al recinte firal el Molí de Santa Ponça, és un esdeveniment familiar que marca l'inici de les festes nadalenques al municipi. Amb un mercat artesanal com a protagonista, l'esdeveniment ofereix una programació variada amb música en viu, animació, màgia, ball i showcooking. A més, compta amb espais per a atraccions infantils, exposicions, un mercadet de regals i tot això tematitzat amb el Nadal.
